*m(f) - 6*x(f). Suppose 4*y - 2*h + 12 = -24, 0 = -3*y - 4*h - 5. Calculate b(y).
2
Let h(n) be the first derivative of -13*n**2/2 - 302. Suppose 0 = b - 5 + 4. What is h(b)?
-13
Suppose -j + 27 = -5*w - 4*j, w = -2*j - 4. Suppose -4*o = -17*o + 13. Let d(p) = 0*p - p**2 + 6*p - 7*p + o - 4*p. Give d(w).
-5
Let f(x) be the first derivative of -3*x**2 + 4*x - 111. Calculate f(5).
-26
Let t(k) = -17*k**3 + 8*k + 7. Let i(b) = -18*b**3 + 7*b + 6. Let f(o) = -7*i(o) + 6*t(o). What is f(-1)?
-23
Let d be (2 - 9/3)*1. Let z(n) = -n + 1. Let g(l) = 4*l - 13. Let b(f) = d*g(f) - 6*z(f). Give b(-5).
-3
Let j(q) = 2*q**3 + 4 + 5 - 2*q**2 - 8 - 4*q**3. Determine j(-2).
9
Let v(n) = n**2 - 6. Let d be v(-3). Let g(c) = -4*c**2 + 3*c**d + 7*c**2 - 1 - c**2. Determine g(1).
4
Let v(o) = o**3 - 3*o**2 - 6*o + 6. Suppose 22*r - 33*r + 44 = 0. What is v(r)?
-2
Let q(o) = -3 - o + 1 - 9 + 7. Calculate q(-8).
4
Suppose w + 2 + 1 = 0, -3*w = 3*d - 9. Let z be d/(-18) - 2/(-6). Let j(a) = 0*a + z - a - 3. Calculate j(0).
-3
Suppose 25*u = -47 - 28. Let y = 6 + -4. Let f(o) = -o**3 + 3*o**2 - 4*o - 1. Let x(a) = 3*a**3 - 6*a**2 + 9*a + 1. Let h(q) = y*x(q) + 5*f(q). Calculate h(u).
3
Suppose -4*q = -2*f + 2, q + 2*f - 27 = -3*f. Let t(j) = -16*j**2 + 9*j - 56. Let z(h) = -3*h**2 + 2*h - 11. Let i(m) = q*t(m) - 11*z(m). Calculate i(6).
21
Let q = -2799 + 2801. Let s(v) = v**3 + v**2 - 4. What is s(q)?
8
Let v be 0/((1 - 2) + -1). Suppose 3*b + v = -3. Let s(o) = 3*o**2. Calculate s(b).
3
Let f(n) = 4*n + 6. Let a = -11 + 13. Suppose 4*b + 8 = a*b. What is f(b)?
-10
Let s(r) = r**3 + 4*r**2 + 2*r + 1. Let u(f) = -3*f**3 - 2*f + 1. Let k = 57 - 56. Let q be u(k). Give s(q).
-7
Suppose 3*a + 4 = 2*j, -a + 4*a = j + 1. Let w(k) = -k - j + 5 + 3 + 4. What is w(6)?
1
Let d(g) = g**2 + 6*g - 1. Suppose -36 = 3*k + 2*n, -42*k + 41*k = n + 13. Calculate d(k).
39
Let p(r) = r**2 + 3*r - 2. Let m be (3/(-9))/(4/(-60)). Let z = 14 - m. Suppose 3*d = -0*d - z. What is p(d)?
-2
Let c(x) = -2 + 11*x + 15*x - 25*x. Calculate c(6).
4
Let v(k) = -k**3 + 2*k**2 - k. Let x be v(1). Let u(r) = -r**2 - 3*r + 1. Let d = 10 + -12. Let f(p) = p**2 + p + 1. Let m(l) = d*f(l) - u(l). Calculate m(x).
-3
Let k = -2 - -1. Let u(g) be the third derivative of -g**6/30 + g**5/60 + g**4/12 + g**3/6 + 20*g**2. Calculate u(k).
4
Let q = -5 - -7. Let r(t) = -42 - t + 40 - 4*t**q + 3*t**2 + 3*t. Let m be (-3)/(-9) - 16/(-6). What is r(m)?
-5
Let v(k) be the second derivative of k**4/12 - k**3/2 - 3*k**2/2 - 6*k + 2. Let t = -6 - -9. Let h be -5*(-2)/(t + -1). Determine v(h).
7
Let g(b) = -2*b**3 - 2*b**2 + 1. Let h = 2 - -8. Suppose h = -m + 6*m, 5*m = -3*c + 46. Let o be 1/(-4) - 9/c. Determine g(o).
1
Let f(s) be the second derivative of s**3/6 + s**2/2 - s - 144. Calculate f(0).
1
Let h(i) = i**2 + 5*i - 6. Suppose 4*g = 2*g + 8. Suppose g*w - 20 = 0, -a - w - 19 = -5*w. Let s = -7 + a. Determine h(s).
0
Let c(d) = 3*d**3 - 4*d**2 - 3*d - 1. Let m = 46 + -57. Let t(x) = 16*x**3 - 19*x**2 - 16*x - 5. Let j(p) = m*c(p) + 2*t(p). Give j(6).
7
Suppose 5*y = 2*y + 981. Let b(z) = 325*z - 653*z + y*z + 3. Determine b(-5).
8
Let f(v) be the third derivative of -v**9/60480 - v**8/4032 - v**7/5040 - v**6/360 - v**5/5 + 13*v**2. Let j(u) be the third derivative of f(u). Give j(-5).
3
Let h be ((-28)/(-8) - 4)*-2. Suppose h = -4*n + 5*n. Let y(v) = -v**3 + 3*v**2 - v. Calculate y(n).
1
Suppose w + 5*z = -w - 21, 5*z - 19 = 3*w. Let b(t) = t + 11. Let l be b(w). Let d(x) = x - 6. Calculate d(l).
-3
Let r(b) = -b + 9*b - 6*b + 2*b**2 - 4*b + 1. Let w = -4 - -6. Determine r(w).
5
Let u(s) be the second derivative of -s**8/6720 - s**7/360 - s**6/720 - s**5/20 + 8*s**4/3 + 14*s. Let t(v) be the third derivative of u(v). Give t(-7).
1
Let q(i) = -i + 5. Let m(z) be the second derivative of 3*z**2/2 + 14*z. Let v(j) = -7*m(j) + 4*q(j). Determine v(-4).
15
Let y(p) = -p**2. Let n be y(1). Let z(c) = 3*c**3 + 3*c**2 + 2*c. Calculate z(n).
-2
Let m(a) = 36*a - 6. Let t(l) = 46*l - 7. Let k(v) = -5*m(v) + 4*t(v). Give k(-7).
-26
Let g(o) = 2*o**3 - 12*o**2 - 12*o - 12. Let b be g(7). Let c(z) be the first derivative of 0*z + 3/2*z**2 - b. Give c(-2).
-6
Let z(v) be the first derivative of -v**4/4 + 2*v**3 - v**2 + 6*v - 32. Suppose h + 95 = -5*b, -2*h - 20 = 2*h. Let c = -12 - b. Calculate z(c).
-6
Let f = 6 + -4. Suppose 4*y + 27 = 4*a + y, 0 = 4*a + 2*y - 2. Let b(j) = -48 - j**a + 3*j**2 - 48 + 94. Calculate b(f).
2
Let j(n) = -n**3 - 5*n**2 + 6*n + 2. Let c(v) = -v**2 + v + 6. Let l be c(-5). Let r = 36 + l. Let i = r + -18. Determine j(i).
2
Let a(b) be the first derivative of -b**4/12 + b**3/3 + b**2/2 + 5*b + 14. Let l(f) be the first derivative of a(f). Calculate l(2).
1
Let p(n) = n**3 - n**2 - n + 1. Let u be p(1). Let z(d) = 0*d - d + u - 7. Suppose -2*o + 4 = -5*t + 6, -5*o = 4*t + 5. Give z(t).
-7
Let g(d) be the first derivative of 16 + d - 3/2*d**2. What is g(2)?
-5
Let j(y) = -y + 15. Let b(x) = 10*x**3 + 2*x**2 - 24*x**3 + x + 3*x**2 - 9 + 13*x**3. Let w be b(4). Determine j(w).
4
Let n = -152 + 159. Let j(y) = -y**2 + 5*y + 13. Give j(n).
-1
Let p(w) = -w**2 - 7*w - 2. Let s be p(-6). Let a(x) = -2 + 7*x - 9*x + s. Let g be (4 + 1)*(-4)/(-10). What is a(g)?
-2
Let s(n) = 4*n**2 + 19*n + 7*n**3 - 11*n**3 - 20*n**2 + 5*n**3 - 4*n**2. Give s(19).
0
Let z(b) = b - 1. Let s be 1*((-51)/(-3) + 1). Let l = 13 - s. Let g(r) = r**3 + 5*r**2 - r. Let a be g(l). Calculate z(a).
4
Let p = -31 + 41. Suppose -2*c = -0*c - p. Let g(w) = -2*w**3 + 3*w**3 - 2*w**2 - 3*w**2 + w + 1. What is g(c)?
6
Let c(l) = 2*l + 15. Suppose -1431*t + 1424*t = 63. Calculate c(t).
-3
Suppose 0*k - 2*k = 3*m - 57, 3*m - 4*k = 75. Suppose -5*z = -4*j - m, -4 - 5 = j - 2*z. Let t(h) = 10*h**3 - 1. Calculate t(j).
9
Suppose -4*l - 12*c = -8*c + 32, 0 = 4*c + 12. Let i be (-15)/6*l/((-15)/6). Let k(n) = n**3 + 4*n**2 - 2*n + 2. Give k(i).
-13
Suppose -7*p = 52*p - 354. Let q(l) = l + 6. Let y(h) = 1. Let d(m) = q(m) - 4*y(m). Calculate d(p).
8
Let n(l) = -2*l**3 + l**2 + 2*l - 2. Let b = 69 - 55. Suppose 13*s - b*s = -2. Calculate n(s).
-10
Let o(y) = 15*y + 272. Let l be o(-18). Let m(q) be the second derivative of 3/2*q**l + 8*q + 1/6*q**3 + 0*q**4 + 0 - 1/20*q**5. What is m(0)?
3
Let m(r) = -r**2 - 4*r + 1. Suppose 4*q + i = 14, 11*q - 26 = 6*q + 3*i. Determine m(q).
-31
Let k be 23/7 - 3 - 266/(-98). Let x(l) = l**3 + l**2 - 4*l + 2. What is x(k)?
26
Suppose -u = -0 + 12. Let z = u + 17. Let v(t) = t + t**2 + 0*t - 4 - 5*t + 3. Determine v(z).
4
Let m(r) = 3*r + 58 + 2*r + 55 - 84 - 3*r. What is m(-10)?
9
Let z(w) = w**2 + 7*w + 7. Let d be 140/(-175)*(1 + 26/4). Determine z(d).
1
Let g(k) = -k**3 + k**2 + 68*k - 210. Let a be g(3). Let j(y) = y + 31. Give j(a).
7
Let y(w) be the third derivative of 5*w**4/24 + 10*w**3 - 166*w**2. What is y(-13)?
-5
Let o(z) be the second derivative of -2*z**2 - 1/3*z**3 + 1/12*z**4 + 0 - 4*z. Let a = 4 + 0. What is o(a)?
4
Suppose -17*m - 23 = 62. Let v(d) be the second derivative of -d**5/20 - d**4/2 - d**3 + 3*d. Calculate v(m).
5
Let u(h) = h**2 - 2*h + 1. Let x be (1 + 4/(-10))/((-2)/(-10)). Calculate u(x).
4
Let v(l) be the third derivative of -l**6/120 + l**5/60 - l**4/24 + l**3/3 + 3*l**2. Suppose -86*p + 82*p = 0. What is v(p)?
2
Let t(s) = 55 - 3*s**2 + 6*s - 98 + 51. Let n(g) = 7*g**2 - 11*g - 17. Let v(f) = -4*n(f) - 9*t(f). Calculate v(-4).
20
Let n(w) be the first derivative of 6*w**2 - 8/3*w**3 + 5*w + 5 + 1/4*w**4. Let b be n(6). Let o(l) = -l**2 + 5*l + 6. Give o(b).
6
Let l(p) = -2*p**2 - 2*p + 1. Suppose -3*u + 6 + 3 = 0. Suppose -b + s - 8 = 4*s, u*b + s = 0. What is l(b)?
-3
Let x(u) = 12*u + 11*u - 7 - 24*u. Let j(f) = 1. Let g(v) = -4*j(v) + x(v). Determine g(-7).
-4
Let m = 6 + 0. Let q(c) = -c - c + 1345 - 444 - 451 - 441. What is q(m)?
-3
Let f(s) = -2*s. Let v be f(-5). Let c be (-10 - 0)*v/25. Let u(r) be the third derivative of r**4/12 + 197*r**2. Calculate u(c).
-8
Let s be (1/(-2)*1)/(288/(-2304)). Let v(y) be the first derivative of 8 - y + 5/3*y**3 + 1/4*y**s + 5/2*y**2. Give v(-4).
-5
Let v = 1810 - 1817. Let n(l) be the first derivative of -l**3/3 - 4*l**2 - 8*l + 1. What is n(v)?
-1
Let x(f) = -f**2 + 4*f - 1. Suppose -17 - 160 = -3*l. Suppose -3*b + 71 = l. Calcul